t of 250316?
6
What is the tens digit of 2698891?
9
What is the units digit of 583924?
4
What is the hundreds digit of 3674552?
5
What is the millions digit of 5069997?
5
What is the thousands digit of 218411?
8
What is the hundred thousands digit of 5829832?
8
What is the ten thousands digit of 1965537?
6
What is the tens digit of 873055?
5
What is the thousands digit of 1429704?
9
What is the hundreds digit of 334903?
9
What is the hundreds digit of 831987?
9
What is the units digit of 2400273?
3
What is the hundreds digit of 409971?
9
What is the hundreds digit of 250867?
8
What is the hundreds digit of 38925370?
3
What is the ten thousands digit of 342420?
4
What is the thousands digit of 9815222?
5
What is the ten thousands digit of 1467035?
6
What is the hundred thousands digit of 4194670?
1
What is the hundreds digit of 24021616?
6
What is the tens digit of 1983009?
0
What is the thousands digit of 14197?
4
What is the tens digit of 2166481?
8
What is the hundred thousands digit of 4981633?
9
What is the ten thousands digit of 15120741?
2
What is the millions digit of 21844942?
1
What is the units digit of 5341039?
9
What is the hundreds digit of 61182?
1
What is the hundreds digit of 285984?
9
What is the ten thousands digit of 8550744?
5
What is the hundred thousands digit of 399608?
3
What is the units digit of 38686?
6
What is the hundred thousands digit of 8687338?
6
What is the units digit of 775849?
9
What is the units digit of 955581?
1
What is the ten thousands digit of 470866?
7
What is the thousands digit of 141721?
1
What is the millions digit of 1711158?
1
What is the hundred thousands digit of 3048806?
0
What is the units digit of 25346184?
4
What is the millions digit of 4936288?
4
What is the ten thousands digit of 2895285?
9
What is the units digit of 1369018?
8
What is the hundreds digit of 166065?
0
What is the hundred thousands digit of 3355764?
3
What is the hundreds digit of 408388?
3
What is the thousands digit of 659672?
9
What is the hundreds digit of 379994?
9
What is the hundred thousands digit of 20133204?
1
What is the millions digit of 40010763?
0
What is the thousands digit of 1031248?
1
What is the thousands digit of 753541?
3
What is the thousands digit of 129589?
9
What is the thousands digit of 3186196?
6
What is the hundred thousands digit of 1927405?
9
What is the hundreds digit of 5775409?
4
What is the tens digit of 187149?
4
What is the hundred thousands digit of 14856405?
8
What is the thousands digit of 638591?
8
What is the hundreds digit of 74576?
5
What is the hundred thousands digit of 7852531?
8
What is the hundreds digit of 27423533?
5
What is the tens digit of 65016?
1
What is the hundreds digit of 10162?
1
What is the hundreds digit of 4407623?
6
What is the tens digit of 326549?
4
What is the thousands digit of 258800?
8
What is the units digit of 4011207?
7
What is the thousands digit of 71342?
1
What is the millions digit of 23700921?
3
What is the ten millions digit of 26584685?
2
What is the thousands digit of 7332?
7
What is the ten thousands digit of 2872932?
7
What is the hundreds digit of 222571?
5
What is the thousands digit of 286489?
6
What is the millions digit of 1029950?
1
What is the units digit of 161093?
3
What is the ten thousands digit of 211712?
1
What is the tens digit of 3575917?
1
What is the thousands digit of 467633?
7
What is the hundreds digit of 553001?
0
What is the tens digit of 19957?
5
What is the thousands digit of 1669839?
9
What is the hundreds digit of 1120656?
6
What is the hundreds digit of 186975?
9
What is the hundred thousands digit of 4754908?
7
What is the hundreds digit of 8844577?
5
What is the ten thousands digit of 780054?
8
What is the hundreds digit of 569477?
4
What is the millions digit of 2517834?
2
What is the ten thousands digit of 196283?
9
What is the hundred thousands digit of 547341?
5
What is the ten thousands digit of 137330?
3
What is the thousands digit of 1476119?
6
What is the thousands digit of 3895760?
5
What is the units digit of 6425957?
7
What is the hundred thousands digit of 38708168?
7
What is the units digit of 536960?
0
What is the tens digit of 6788168?
6
What is the thousands digit of 365061?
5
What is the ten thousands digit of 130128?
3
What is the units digit of 1780740?
0
What is the ten millions digit of 24406288?
2
What is the tens digit of 533897?
9
What is the hundreds digit of 715935?
9
What is the thousands digit of 3166794?
6
What is the hundred thousands digit of 2427754?
4
What is the tens digit of 394427?
2
What is the tens digit of 914669?
6
What is the hundred thousands digit of 392121?
3
What is the hundred thousands digit of 3190534?
1
What is the units digit of 47292?
2
What is the thousands digit of 292617?
2
What is the hundreds digit of 291898?
8
What is the units digit of 1875048?
8
What is the ten thousands digit of 476560?
7
What is the hundreds digit of 14163017?
0
What is the thousands digit of 17457981?
7
What is the hundred thousands digit of 13968482?
9
What is the units digit of 1213790?
0
What is the hundreds digit of 60484?
4
What is the hundreds digit of 16894295?
2
What is the thousands digit of 62206?
2
What is the hundreds digit of 426807?
8
What is the thousands digit of 1603751?
3
What is the hundred thousands digit of 374127?
3
What is the units digit of 204148?
8
What is the units digit of 25744119?
9
What is the hundred thousands digit of 463955?
4
What is the units digit of 347173?
3
What is the ten thousands digit of 8493608?
9
What is the ten thousands digit of 2628099?
2
What is the hundreds digit of 9854290?
2
What is the units digit of 209239?
9
What is the ten thousands digit of 191749?
9
What is the units digit of 5085299?
9
What is the thousands digit of 5062751?
2
What is the hundreds digit of 141789?
7
What is the hundred thousands digit of 214523?
2
What is the hundred thousands digit of 6718869?
7
What is the hundred thousands digit of 3446252?
4
What is the ten millions digit of 10023920?
1
What is the ten thousands digit of 190148?
9
What is the hundred thousands digit of 630116?
6
What is the thousands digit of 262984?
2
What is the tens digit of 1464727?
2
What is the hundred thousands digit of 218617?
2
What is the units digit of 7533?
3
What is the hundreds digit of 6214781?
7
What is the millions digit of 1225198?
1
What is the tens digit of 2061260?
6
What is the thousands digit of 50426?
0
What is the ten millions digit of 10873257?
1
What is the hundreds digit of 934287?
2
What is the millions digit of 1457132?
1
What is the hundreds digit of 9609077?
0
What is the thousands digit of 282787?
2
What is the hundred thousands digit of 6339731?
3
What is the tens digit of 40358?
5
What is the hundreds digit of 85401?
4
What is the ten thousands digit of 31534?
3
What is the hundreds digit of 23911030?
0
What is the ten millions digit of 27918861?
2
What is the hundred thousands digit of 6773663?
7
What is the hundred thousands digit of 122873?
1
What is the tens digit of 190082?
8
What is the tens digit of 1764114?
1
What is the ten thousands digit of 20173986?
7
What is the units digit of 1084786?
6
What is the units digit of 9053?
3
What is the units digit of 913393?
3
What is the ten thousands digit of 2828434?
2
What is the hundreds digit of 13486628?
6
What is the ten thousands digit of 697772?
9
What is the hundreds digit of 22877?
8
What is the tens digit of 593766?
6
What is the hundred thousands digit of 10649150?
6
What is the ten thousands digit of 1557508?
5
What is the millions digit of 1901841?
1
What is the hundred thousands digit of 25793940?
7
What is the tens digit of 14358710?
1
What is the units digit of 1353348?
8
What is the millions digit of 2828494?
2
What is the units digit of 2722571?
1
What is the units digit of 2251197?
7
What is the thousands digit of 69080?
9
What is the hundred thousands digit of 240925?
2
What is the ten thousands digit of 519450?
1
What is the hundred thousands digit of 10469301?
4
What is the hundred thousands digit of 2343206?
3
What is the hundreds digit of 11118303?
3
What is the hundreds digit of 11695478?
4
What is the hundreds digit of 347850?
8
What is the millions digit of 5039610?
5
What 